178589 is divided by 794.
293
Calculate the remainder when 2378774 is divided by 37.
7
Calculate the remainder when 30060437 is divided by 131.
129
Calculate the remainder when 69877977 is divided by 29.
12
Calculate the remainder when 22576666 is divided by 3521.
14
Calculate the remainder when 183221 is divided by 326.
9
What is the remainder when 4437771 is divided by 19?
17
Calculate the remainder when 751269 is divided by 103.
90
What is the remainder when 32626599 is divided by 97?
67
Calculate the remainder when 384338 is divided by 1168.
66
What is the remainder when 10757 is divided by 3626?
3505
What is the remainder when 1002601 is divided by 501281?
39
Calculate the remainder when 523291 is divided by 259.
111
Calculate the remainder when 801618 is divided by 18615.
1173
Calculate the remainder when 4324440 is divided by 2790.
2730
What is the remainder when 88081 is divided by 86?
17
Calculate the remainder when 7546033 is divided by 369.
352
What is the remainder when 30858798 is divided by 100?
98
What is the remainder when 25948 is divided by 2354?
54
What is the remainder when 6844333 is divided by 1568?
13
Calculate the remainder when 6629025 is divided by 452.
445
Calculate the remainder when 27135253 is divided by 95.
23
Calculate the remainder when 820293 is divided by 4206.
123
What is the remainder when 94566 is divided by 94316?
250
What is the remainder when 245304 is divided by 1530?
504
Calculate the remainder when 3601302 is divided by 3601288.
14
What is the remainder when 19159731 is divided by 1741792?
19
What is the remainder when 20911 is divided by 2258?
589
What is the remainder when 82350830 is divided by 315?
65
What is the remainder when 1455010 is divided by 103918?
158
What is the remainder when 757413 is divided by 151343?
698
What is the remainder when 10126384 is divided by 18?
16
What is the remainder when 60957089 is divided by 43?
31
What is the remainder when 167984 is divided by 23976?
152
What is the remainder when 23296 is divided by 4337?
1611
What is the remainder when 2259266 is divided by 1129599?
68
Calculate the remainder when 24230 is divided by 434.
360
What is the remainder when 9409334 is divided by 50?
34
What is the remainder when 14413960 is divided by 313?
310
Calculate the remainder when 17411 is divided by 8390.
631
What is the remainder when 1361582 is divided by 3?
2
Calculate the remainder when 216700 is divided by 43322.
90
What is the remainder when 496125 is divided by 1945?
150
What is the remainder when 61011 is divided by 27624?
5763
Calculate the remainder when 13840282 is divided by 33.
16
Calculate the remainder when 250547 is divided by 712.
635
Calculate the remainder when 143423 is divided by 71247.
929
Calculate the remainder when 865149 is divided by 123183.
2868
What is the remainder when 897780 is divided by 446?
428
Calculate the remainder when 12383376 is divided by 814.
808
Calculate the remainder when 22703 is divided by 176.
175
Calculate the remainder when 661511 is divided by 3344.
2743
Calculate the remainder when 966099 is divided by 3632.
3619
What is the remainder when 266601 is divided by 1678?
1477
What is the remainder when 23476752 is divided by 270?
252
What is the remainder when 52784 is divided by 52717?
67
Calculate the remainder when 4043926 is divided by 48.
22
Calculate the remainder when 1655064 is divided by 646.
12
Calculate the remainder when 6378825061 is divided by 631.
629
What is the remainder when 5044632 is divided by 153?
69
Calculate the remainder when 13642524 is divided by 13642494.
30
What is the remainder when 14413441 is divided by 13383?
13333
Calculate the remainder when 137267 is divided by 32930.
5547
What is the remainder when 2536923 is divided by 157?
117
What is the remainder when 10910749 is divided by 331?
327
What is the remainder when 11493875 is divided by 195?
185
Calculate the remainder when 30484 is divided by 103.
99
Calculate the remainder when 114160501 is divided by 3807.
3799
Calculate the remainder when 7076 is divided by 6990.
86
What is the remainder when 1565687912 is divided by 671?
668
Calculate the remainder when 149293198 is divided by 140.
138
Calculate the remainder when 5442374 is divided by 405.
389
What is the remainder when 7895368 is divided by 1315893?
10
Calculate the remainder when 494651 is divided by 70660.
31
What is the remainder when 34629452 is divided by 1860?
1832
Calculate the remainder when 236066 is divided by 235849.
217
What is the remainder when 19281 is divided by 860?
361
Calculate the remainder when 81284 is divided by 112.
84
Calculate the remainder when 25193776 is divided by 17.
14
What is the remainder when 134366 is divided by 4202?
4104
Calculate the remainder when 5811742 is divided by 3321.
3313
Calculate the remainder when 50737 is divided by 11734.
3801
What is the remainder when 1318986 is divided by 49?
4
Calculate the remainder when 96122554 is divided by 289.
287
Calculate the remainder when 465442 is divided by 3523.
406
Calculate the remainder when 112502 is divided by 14.
12
Calculate the remainder when 1511471 is divided by 953.
13
Calculate the remainder when 627632 is divided by 9135.
6452
What is the remainder when 8719383 is divided by 260?
23
Calculate the remainder when 972281 is divided by 11857.
7
Calculate the remainder when 1309064 is divided by 610.
4
What is the remainder when 12238108 is divided by 17?
12
What is the remainder when 122868 is divided by 24517?
283
What is the remainder when 55418 is divided by 6679?
1986
What is the remainder when 194440 is divided by 193315?
1125
What is the remainder when 3505535 is divided by 281?
60
Calculate the remainder when 6825134 is divided by 613.
605
What is the remainder when 531874 is divided by 411?
40
What is the remainder when 18225567 is divided by 9112778?
11
Calculate the remainder when 274365 is divided by 68591.
1
Calculate the remainder when 154816 is divided by 9669.
112
What is the remainder when 265671 is divided by 125?
46
What is the remainder when 1063334 is divided by 265259?
2298
What is the remainder when 82906 is divided by 7084?
4982
Calculate the remainder when 152864 is divided by 4455.
1394
What is the remainder when 32556218 is divided by 2195?
2173
What is the remainder when 14936477 is divided by 4117?
1
What is the remainder when 269354 is divided by 918?
380
Calculate the remainder when 1152336 is divided by 82299.
150
Calculate the remainder when 83713 is divided by 83333.
380
Calculate the remainder when 4295065 is divided by 10846.
49
Calculate the remainder when 31168 is divided by 561.
313
What is the remainder when 16065318 is divided by 3213062?
8
Calculate the remainder when 652962 is divided by 1670.
1662
Calculate the remainder when 1008051 is divided by 5016.
4851
Calculate the remainder when 3571244 is divided by 7866.
80
What is the remainder when 46323628 is divided by 38?
32
Calculate the remainder when 2172228 is divided by 127778.
2
Calculate the remainder when 36382 is divided by 5124.
514
Calculate the remainder when 178957 is divided by 59642.
31
Calculate the remainder when 1416973 is divided by 632.
29
Calculate the remainder when 26924940 is divided by 107.
102
What is the remainder when 684584 is divided by 228189?
17
Calculate the remainder when 36832602 is divided by 31945.
17
What is the remainder when 14123343 is divided by 14123327?
16
Calculate the remainder when 3254209 is divided by 940.
869
What is the remainder when 613312 is divided by 2175?
2137
What is the remainder when 10591370 is divided by 21?
20
Calculate the remainder when 18658706 is divided by 6219563.
17
Calculate the remainder when 2763967 is divided by 418.
151
Calculate the remainder when 208291586 is divided by 51.
38
What is the remainder when 39079755 is divided by 710540?
55
Calculate the remainder when 30638 is divided by 29972.
666
What is the remainder when 1708254 is divided by 109?
6
Calculate the remainder when 210041 is divided by 3601.
1183
Calculate the remainder when 579752 is divided by 197.
178
What is the remainder when 224226 is divided by 8945?
601
Calculate the remainder when 119877 is divided by 119787.
90
Calculate the remainder when 5296